
-1
Let j(p) = -p**3 + 46*p**2 + 3034*p - 139574. What is j(46)?
-10
Let i(o) = -87*o**3 - 10*o**2 + 7*o + 6. Calculate i(3).
-2412
Let c(g) = -129*g**3 + 8*g**2 - 68*g + 101. Calculate c(2).
-1035
Let b(g) = -3*g**3 - 79*g**2 + 392*g + 8976. What is b(-23)?
-5330
Let t(k) = -177*k + 4060. Determine t(24).
-188
Let i(c) = -10*c**2 - 238*c + 861. Calculate i(-27).
-3
Let g(a) = 3*a**3 - 21*a**2 - 130*a + 650. What is g(4)?
-14
Let j(c) = -718*c - 38036. Give j(-59).
4326
Let f(s) = -2091*s - 6273. What is f(-3)?
0
Let f(c) = 4*c**2 + 11*c - 88. Calculate f(-7).
31
Let o(f) = -f**3 + 33*f**2 - 195*f - 1020. Determine o(14).
-26
Let d(k) = -60*k**2 - 1094*k - 173. Determine d(-18).
79
Let p(m) = -m**3 - 6*m**2 + 9011*m - 762. Determine p(-98).
-272
Let u(w) = 5*w**3 - 34*w**2 - 232*w + 2434. What is u(10)?
1714
Let z(a) = -a**2 + 129*a + 117208. Calculate z(413).
-84
Let k(q) = q**3 + 25*q**2 - 163*q - 324. Give k(-30).
66
Let w(o) = -81*o + 1466. What is w(20)?
-154
Let s(c) = c**3 + 62*c**2 + 937*c - 397. What is s(-29)?
183
Let h(b) = 68801*b - 4128107. Calculate h(60).
-47
Let s(v) = 23400*v - 163630. Calculate s(7).
170
Let h(j) = -36*j**2 + 186*j - 364. Determine h(2).
-136
Let c(n) = 2*n**2 + 98*n + 1600. Calculate c(-37).
712
Let y(o) = -453*o**2 - 5931*o - 217. Give y(-13).
329
Let s(g) = 120*g**2 - 469*g + 94. What is s(9)?
5593
Let j(o) = -201*o**3 - 40*o**2 + 67*o + 12. Give j(2).
-1622
Let t(o) = 263*o + 1856. What is t(-7)?
15
Let a(p) = -2*p**2 + 184*p - 2158. Give a(87).
-1288
Let b(z) = -9*z**2 + 949*z - 1469. Determine b(104).
-117
Let l(n) = -557054*n + 2228220. Give l(4).
4
Let f(x) = -5485018*x + 21940063. What is f(4)?
-9
Let b(l) = -96345*l + 192633. Determine b(2).
-57
Let v(h) = 965*h + 2147. Calculate v(-3).
-748
Let c(m) = -280852*m - 2. Calculate c(0).
-2
Let a(d) = 2073*d - 385637. Calculate a(186).
-59
Let z(q) = -47*q + 5394. Determine z(115).
-11
Let m(t) = -11*t**2 - 2652*t - 27844. What is m(-11)?
-3
Let z(t) = -t**2 + 208*t - 536. Calculate z(205).
79
Let l(b) = 2*b**2 + 400*b - 35949. Give l(67).
-171
Let u(y) = y**3 + 15*y**2 - 32*y - 138. Determine u(-16).
118
Let y(j) = 372*j**2 - 1030*j + 2065. Determine y(2).
1493
Let v(s) = -s**3 + 190*s**2 + 1376*s + 609. Give v(197).
18
Let h(r) = 963*r - 9825. Determine h(10).
-195
Let t(p) = p**3 + 184*p**2 + 370*p + 2677. What is t(-182)?
1585
Let x(f) = f**2 + 91*f + 2807. Give x(-47).
739
Let s(a) = 167*a**2 + 3139*a - 24849. Calculate s(6).
-3
Let p(c) = 2*c**2 - 212*c - 4118. Give p(-15).
-488
Let m(u) = u**2 - 835*u - 73207. Determine m(-80).
-7
Let x(q) = -q**3 - 511*q**2 - 1589*q - 33053. Give x(-508).
-33
Let c(w) = 5*w**3 - 68*w**2 - 38*w + 9. Determine c(0).
9
Let u(y) = 5614*y + 162298. Give u(-29).
-508
Let i(p) = -35*p**2 + 1497*p - 14886. Give i(27).
18
Let i(r) = r**3 - 142*r**2 + 1789*r - 1499. What is i(13)?
-43
Let p(v) = 2*v**3 + 19*v**2 - 129*v + 9264. Calculate p(-22).
2
Let a(y) = 2*y**2 + 18633*y - 2073826. What is a(110)?
4
Let c(n) = n**3 - 2773*n**2 - 146898*n + 102. What is c(-52)?
-2
Let p(a) = 3*a**3 - 9*a**2 + 553*a - 2646. Calculate p(5).
269
Let a(r) = 110*r**3 - 17*r**2 - 5463*r + 5479. Give a(1).
109
Let z(d) = -2*d**3 + 41*d**2 - 596*d + 11534. What is z(20)?
14
Let u(o) = o**2 + 7699*o + 245305. Calculate u(-32).
-39
Let j(x) = 3*x**2 - 732*x + 5190. Give j(7).
213
Let z(c) = -3880*c**2 + 15500*c - 9. Determine z(4).
-89
Let j(w) = 6181*w + 3226480. Determine j(-522).
-2
Let u(l) = l**3 + 35*l**2 - 5980*l - 189304. Calculate u(-31).
-80
Let b(y) = -1104*y + 49509. Give b(45).
-171
Let d(b) = -b**3 + 10*b**2 + 2177*b - 326. Determine d(-42).
-32
Let q(w) = -w**3 + 104*w**2 + 53*w - 4873. Give q(104).
639
Let n(u) = 760*u + 3840. Calculate n(-5).
40
Let d(v) = -815*v + 436. What is d(-3)?
2881
Let k(m) = -165*m - 104. What is k(-2)?
226
Let g(r) = -400*r + 50323. Calculate g(127).
-477
Let u(c) = -c**3 + 119*c**2 - 356*c + 42370. What is u(119)?
6
Let f(a) = -865*a + 5236. Determine f(6).
46
Let p(k) = -k**2 + 214*k - 603. Determine p(3).
30
Let r(q) = 33*q**2 - 18223*q - 109335. Calculate r(-6).
1191
Let v(a) = -2*a**2 - 3609*a + 36174. Calculate v(10).
-116
Let p(w) = w**3 - 16*w**2 + 37*w + 180. Determine p(12).
48
Let k(o) = o**3 - o**2 + 31*o + 96. Determine k(-5).
-209
Let q(g) = -1785*g + 7. Determine q(0).
7
Let c(i) = 2330*i + 1144034. Calculate c(-491).
4
Let x(f) = -71*f**3 - 3125*f**2 - 76*f - 1435. Calculate x(-44).
-27
Let x(h) = -2*h**3 + 4*h**2 + 9716*h - 38842. Give x(4).
-42
Let u(t) = -t**2 + 271*t - 18487. What is u(133)?
-133
Let k(r) = -r**3 - 9*r**2 - 140*r - 2086. Calculate k(-12).
26
Let y(o) = 7*o**3 - 23*o**2 - 32*o - 59. Calculate y(-4).
-747
Let p(m) = 81*m - 3242. What is p(58)?
1456
Let p(q) = 200*q + 21849. What is p(-111)?
-351
Let z(n) = 85*n**2 - 1254*n - 10569. What is z(-6)?
15
Let t(u) = 57*u**2 - 4118*u + 202. Calculate t(72).
-806
Let i(w) = 8303*w + 58137. Give i(-7).
16
Let f(v) = 17*v**2 - 286*v - 303. Determine f(-3).
708
Let l(z) = -z**2 + 1421*z - 29827. Determine l(21).
-427
Let z(j) = 3*j**2 + 330*j + 188. What is z(-110)?
188
Let n(f) = 5987*f - 59142. What is n(10)?
728
Let t(c) = 2371*c + 13741. Determine t(-6).
-485
Let s(k) = -49*k**3 + 255*k**2 + 622*k - 17. Calculate s(7).
25
Let h(k) = -15566*k + 155557. What is h(10)?
-103
Let x(i) = -15671*i - 1990235. Determine x(-127).
-18
Let d(z) = -101*z**3 - 33*z**2 - 47*z - 12. Determine d(-1).
103
Let i(z) = 34755*z + 69506. What is i(-2)?
-4
Let g(p) = 42922*p + 343553. Determine g(-8).
177
Let k(v) = -81*v + 2732. Calculate k(34).
-22
Let o(j) = -j**2 - 31*j + 1171. Calculate o(-54).
-71
Let i(k) = 55*k + 458. Calculate i(-19).
-587
Let p(x) = -175*x**2 - 10899*x - 3032. Give p(-62).
6
Let t(v) = -22*v**2 - 1381*v - 2316. Calculate t(-61).
63
Let l(r) = -r**3 - 16*r**2 + 2637*r + 42211. Calculate l(-16).
19
Let f(l) = -1201*l + 46841. Determine f(39).
2
Let m(z) = -4*z**3 + 105*z**2 + 65*z - 2415. Give m(26).
-49
Let i(l) = 1443*l + 10063. Give i(-7).
-38
Let s(v) = -548*v - 24610. Calculate s(-44).
-498
Let x(q) = -q**2 - 25851*q + 284493. What is x(11)?
11
Let r(y) = 14585*y - 320875. Calculate r(22).
-5
Let u(t) = -t**3 - 225*t**2 - 71*t - 13983. Calculate u(-225).
1992
Let t(p) = 144*p - 7787. What is t(54)?
-11
Let w(p) = -104*p + 3509. Give w(27).
701
Let w(o) = -6*o**3 - 54*o**2 + 119*o - 8. Determine w(2).
-34
Let h(i) = -3*i**2 - 253*i - 17. What is h(-75)?
2083
Let l(y) = -y**3 + 17*y**2 + 11476*y + 924. What is l(116)?
-4
Let g(z) = -z**2 - 3256*z + 52366. Give g(16).
14
Let l(d) = 345*d + 1823. What is l(-12)?
-2317
Let d(f) = 10*f**2 + 644*f + 1004. Give d(-63).
122
Let o(q) = 2*q**3 - 139*q**2 + 65*q + 293. Give o(69).
17
Let t(g) = 837*g + 52713. What is t(-63)?
-18
Let s(j) = -441*j + 3872. Calculate s(9).
-97
Let b(o) = 191*o**3 + 1148*o**2 + 45*o + 198. Determine b(-6).
0
Let m(b) = -30636*b - 122531. Determine m(-4).
13
Let g(h) = -5*h**2 + h + 109. Give g(10).
-381
Let h(n) = -2*n**2 - 688*n - 6013. Give h(-335).
17
Let u(d) = 659*d + 37657. What is u(-57)?
94
Let f(j) = 576622*j + 1153241. Give f(-2).
-3
Let g(d) = -2*d**3 - 25*d**2 + 4314*d + 51911. Determine g(-12).
-1
Let f(x) = 9*x**3 + 452*x**2 - 790*x + 2187. What is f(-52)?
3
Let f(t) = 42*t**2 + 195*t - 64. What is f(-5)?
11
Let t(z) = 11081*z + 110802. Calculate t(-10).
-8
Let x(d) = 15*d**3 - 84*d**2 - 316*d + 5. Determine x(8).
-219
Let s(q) = q**2 - 58*q - 16169. Determine s(151).
-2126
Let h(s) = -s**3 + 134*s**2 + 296*s + 15712. What is h(137)?
-43
Let i(a) = -a**3 - 243*a**2 - 736*a - 4044. Calculate i(-240).
-204
Let z(s) = 12*s**2 + 292*s - 3436. Give z(-33).
-4
Let y(u) = 38*u**2 + 99*u + 7. What is y(-4)?
219
Let v(i) = -8743*i + 375950. Calculate v(43).
1
Let v(j) = -5507*j + 88115. What is v(16)?
3
Let q(m) = -m**3 + 25*m**2 - 230*m + 22454. What is q(36)?
-82
Let x(i) = 5*i**3 - 312*i + 2129. What is x(7)?
1660
Let j(i) = i**3 - 46*i**2 - 1417*i + 737. Determine j(67).
67
Let x(a) = -22*a**2 - 417*a + 329. Determine x(-25).
-2996
Let v(n) = -1443*n**2 + 2879*n. Determine v(2).
-14
Let k(n) = -2084*n + 55840. Give k(26).
1656
Let a(s) = 458*s + 90799. What is a(-198)?
115
Let s(a) = 2*a**3 + 1172*a**2 + 20437*a - 6214. Determine s(-568).